{"id":763,"date":"2020-05-18T20:41:35","date_gmt":"2020-05-18T23:41:35","guid":{"rendered":"http:\/\/kariciashop.com.br\/loja\/?post_type=product&#038;p=763"},"modified":"2022-08-21T18:52:06","modified_gmt":"2022-08-21T21:52:06","slug":"calcinha-fio-dental-chic-demillus-016178","status":"publish","type":"product","link":"https:\/\/kariciashop.com.br\/loja\/index.php\/product\/calcinha-fio-dental-chic-demillus-016178\/","title":{"rendered":"Calcinha Fio dental Chic DeMillus 016178"},"content":{"rendered":"<p>Calcinha Fio dental Chic DeMillus 16178 Todo em renda el\u00e1stica com estampa de on\u00e7a. Cavas com el\u00e1stico leve e confort\u00e1vel. Sem el\u00e1stico na cintura. Tam. A (veste de PP a ME), Tam. B (veste GR e EG)<\/p>\n","protected":false},"excerpt":{"rendered":"<p>Calcinha Fio dental Chic DeMillus 16178 Todo em renda el\u00e1stica com estampa de on\u00e7a. Cavas com el\u00e1stico leve e confort\u00e1vel. Sem el\u00e1stico na cintura. Tam. A (veste de PP a ME), Tam. B (veste GR e EG)<\/p>\n","protected":false},"featured_media":776,"template":"","meta":[],"product_cat":[21],"product_tag":[23,28,24,26,25],"_links":{"self":[{"href":"https:\/\/kariciashop.com.br\/loja\/index.php\/wp-json\/wp\/v2\/product\/763"}],"collection":[{"href":"https:\/\/kariciashop.com.br\/loja\/index.php\/wp-json\/wp\/v2\/product"}],"about":[{"href":"https:\/\/kariciashop.com.br\/loja\/index.php\/wp-json\/wp\/v2\/types\/product"}],"wp:featuredmedia":[{"embeddable":true,"href":"https:\/\/kariciashop.com.br\/loja\/index.php\/wp-json\/wp\/v2\/media\/776"}],"wp:attachment":[{"href":"https:\/\/kariciashop.com.br\/loja\/index.php\/wp-json\/wp\/v2\/media?parent=763"}],"wp:term":[{"taxonomy":"product_cat","embeddable":true,"href":"https:\/\/kariciashop.com.br\/loja\/index.php\/wp-json\/wp\/v2\/product_cat?post=763"},{"taxonomy":"product_tag","embeddable":true,"href":"https:\/\/kariciashop.com.br\/loja\/index.php\/wp-json\/wp\/v2\/product_tag?post=763"}],"curies":[{"name":"wp","href":"https:\/\/api.w.org\/{rel}","templated":true}]}}

<p>Calcinha Fio dental Chic DeMillus 16178 Todo em renda elástica com estampa de onça. Cavas com elástico leve e confortável. Sem elástico na cintura. Tam. A (veste de PP a ME), Tam. B (veste GR e EG)</p>
