{"id":693,"date":"2020-05-12T13:56:37","date_gmt":"2020-05-12T16:56:37","guid":{"rendered":"http:\/\/kariciashop.com.br\/loja\/?post_type=product&#038;p=693"},"modified":"2023-04-03T17:01:20","modified_gmt":"2023-04-03T20:01:20","slug":"calcinha-fio-dental-xamego-demillus-016198","status":"publish","type":"product","link":"https:\/\/kariciashop.com.br\/loja\/index.php\/product\/calcinha-fio-dental-xamego-demillus-016198\/","title":{"rendered":"Calcinha Fio dental Xamego DeMillus 016198"},"content":{"rendered":"<p>Calcinha Fio dental Xamego DeMillus 16198 Todo em renda el\u00e1stica. Cavas em el\u00e1stico leve e confort\u00e1vel. Sem el\u00e1stico na cintura. Tamanho A (veste PP, PE e ME) Tamanho B (veste GR, EG e XG),<\/p>\n<p><b>Marca:<\/b><\/p>\n<ul>\n<li>DeMillus<\/li>\n<\/ul>\n<p><b>Caracter\u00edsticas:<\/b><\/p>\n<ul>\n<li>Calcinha fio dental confeccionado em renda el\u00e1stica macia, leve e confort\u00e1vel.<\/li>\n<li>Modelagem com faixa em renda el\u00e1stica na cintura.<\/li>\n<li>N\u00e3o marca sob a roupa e proporciona extremo conforto pois n\u00e3o possui costura nas laterais.<\/li>\n<li>Cavas com acabamento em el\u00e1stico com detalhe em formato zig-zag.<\/li>\n<\/ul>\n<p><b>Tabela de Equival\u00eancia:<\/b><\/p>\n<ul>\n<li>Tamanho A: Veste de PP, PE \u00e1 ME.<\/li>\n<li>Tamanho B: Veste GR, EG \u00e1 XG.<\/li>\n<\/ul>\n<p><b>Modo de Lavagem:<\/b><\/p>\n<ul>\n<li>Lavar com sab\u00e3o neutro e \u00e1gua fria.<\/li>\n<li>Enxaguar at\u00e9 eliminar todo o res\u00edduo de sab\u00e3o.<\/li>\n<li>N\u00e3o deixe de molho.<\/li>\n<li>Secar a sobra.<\/li>\n<li>N\u00e3o passar a ferro.<\/li>\n<\/ul>\n<p><b>Composi\u00e7\u00e3o:<\/b><\/p>\n<ul>\n<li>Corpo: 86% Poliamida e 14% Elastano.<\/li>\n<li>Forro: 100% Algod\u00e3o.<\/li>\n<\/ul>\n","protected":false},"excerpt":{"rendered":"<p>Calcinha Fio dental Xamego DeMillus 16198 Todo em renda el\u00e1stica. Cavas em el\u00e1stico leve e confort\u00e1vel. Sem el\u00e1stico na cintura. Tamanho A (veste PP, PE e ME) Tamanho B (veste GR, EG e XG)<\/p>\n","protected":false},"featured_media":1433,"template":"","meta":[],"product_cat":[21],"product_tag":[23,24,26,25],"_links":{"self":[{"href":"https:\/\/kariciashop.com.br\/loja\/index.php\/wp-json\/wp\/v2\/product\/693"}],"collection":[{"href":"https:\/\/kariciashop.com.br\/loja\/index.php\/wp-json\/wp\/v2\/product"}],"about":[{"href":"https:\/\/kariciashop.com.br\/loja\/index.php\/wp-json\/wp\/v2\/types\/product"}],"wp:featuredmedia":[{"embeddable":true,"href":"https:\/\/kariciashop.com.br\/loja\/index.php\/wp-json\/wp\/v2\/media\/1433"}],"wp:attachment":[{"href":"https:\/\/kariciashop.com.br\/loja\/index.php\/wp-json\/wp\/v2\/media?parent=693"}],"wp:term":[{"taxonomy":"product_cat","embeddable":true,"href":"https:\/\/kariciashop.com.br\/loja\/index.php\/wp-json\/wp\/v2\/product_cat?post=693"},{"taxonomy":"product_tag","embeddable":true,"href":"https:\/\/kariciashop.com.br\/loja\/index.php\/wp-json\/wp\/v2\/product_tag?post=693"}],"curies":[{"name":"wp","href":"https:\/\/api.w.org\/{rel}","templated":true}]}}