{"id":1324,"date":"2022-06-25T12:36:55","date_gmt":"2022-06-25T15:36:55","guid":{"rendered":"http:\/\/kariciashop.com.br\/loja\/?post_type=product&#038;p=1324"},"modified":"2023-02-21T13:51:06","modified_gmt":"2023-02-21T16:51:06","slug":"sutia-demillus-paraiso-063476","status":"publish","type":"product","link":"https:\/\/kariciashop.com.br\/loja\/index.php\/product\/sutia-demillus-paraiso-063476\/","title":{"rendered":"Suti\u00e3 DeMillus Para\u00edso 063476"},"content":{"rendered":"<p>Suti\u00e3 DeMillus Para\u00edso 63476 Leve e confort\u00e1vel em elastano light! Frente inteira em espuma moldada, anat\u00f4mica e supermacia. Sem aro. Acomoda os seios de forma natural.<\/p>\n<table width=\"434\">\n<tbody>\n<tr style=\"font-style: inherit; font-weight: inherit;\">\n<td style=\"font-style: inherit; font-weight: inherit;\" width=\"119\">Tamanho<\/td>\n<td style=\"font-style: inherit; font-weight: inherit;\" width=\"144\">Sobre o busto<\/td>\n<td style=\"font-style: inherit; font-weight: inherit;\" width=\"171\">Abaixo do busto<\/td>\n<\/tr>\n<tr style=\"font-style: inherit; font-weight: inherit;\">\n<td style=\"font-style: inherit; font-weight: inherit;\" width=\"119\">38<\/td>\n<td style=\"font-style: inherit; font-weight: inherit;\" width=\"144\">71 a 76cm<\/td>\n<td style=\"font-style: inherit; font-weight: inherit;\" width=\"171\">56 a 61cm<\/td>\n<\/tr>\n<tr style=\"font-style: inherit; font-weight: inherit;\">\n<td style=\"font-style: inherit; font-weight: inherit;\" width=\"119\">40<\/td>\n<td style=\"font-style: inherit; font-weight: inherit;\" width=\"144\">77 a 82cm<\/td>\n<td style=\"font-style: inherit; font-weight: inherit;\" width=\"171\">62 a 67cm<\/td>\n<\/tr>\n<tr style=\"font-style: inherit; font-weight: inherit;\">\n<td style=\"font-style: inherit; font-weight: inherit;\" width=\"119\">42<\/td>\n<td style=\"font-style: inherit; font-weight: inherit;\" width=\"144\">83 a 87cm<\/td>\n<td style=\"font-style: inherit; font-weight: inherit;\" width=\"171\">68 a 72cm<\/td>\n<\/tr>\n<tr style=\"font-style: inherit; font-weight: inherit;\">\n<td style=\"font-style: inherit; font-weight: inherit;\" width=\"119\">44<\/td>\n<td style=\"font-style: inherit; font-weight: inherit;\" width=\"144\">88 a 92cm<\/td>\n<td style=\"font-style: inherit; font-weight: inherit;\" width=\"171\">73 a 77cm<\/td>\n<\/tr>\n<tr style=\"font-style: inherit; font-weight: inherit;\">\n<td style=\"font-style: inherit; font-weight: inherit;\" width=\"119\">46<\/td>\n<td style=\"font-style: inherit; font-weight: inherit;\" width=\"144\">93 a 97cm<\/td>\n<td style=\"font-style: inherit; font-weight: inherit;\" width=\"171\">78 a 82cm<\/td>\n<\/tr>\n<tr style=\"font-style: inherit; font-weight: inherit;\">\n<td style=\"font-style: inherit; font-weight: inherit;\" width=\"119\">48<\/td>\n<td style=\"font-style: inherit; font-weight: inherit;\" width=\"144\">98 a 102cm<\/td>\n<td style=\"font-style: inherit; font-weight: inherit;\" width=\"171\">83 a 87cm<\/td>\n<\/tr>\n<tr style=\"font-style: inherit; font-weight: inherit;\">\n<td style=\"font-style: inherit; font-weight: inherit;\" width=\"119\">50<\/td>\n<td style=\"font-style: inherit; font-weight: inherit;\" width=\"144\">103 a 107cm<\/td>\n<td style=\"font-style: inherit; font-weight: inherit;\" width=\"171\">88 a 92cm<\/td>\n<\/tr>\n<tr style=\"font-style: inherit; font-weight: inherit;\">\n<td style=\"font-style: inherit; font-weight: inherit;\" width=\"119\">52<\/td>\n<td style=\"font-style: inherit; font-weight: inherit;\" width=\"144\">108 a 112cm<\/td>\n<td style=\"font-style: inherit; font-weight: inherit;\" width=\"171\">93 a 97cm<\/td>\n<\/tr>\n<tr style=\"font-style: inherit; font-weight: inherit;\">\n<td style=\"font-style: inherit; font-weight: inherit;\" width=\"119\">54<\/td>\n<td style=\"font-style: inherit; font-weight: inherit;\" width=\"144\">113 a 117cm<\/td>\n<td style=\"font-style: inherit; font-weight: inherit;\" width=\"171\">98 a 102cm<\/td>\n<\/tr>\n<\/tbody>\n<\/table>\n","protected":false},"excerpt":{"rendered":"<p>Suti\u00e3 DeMillus Para\u00edso 63476 Leve e confort\u00e1vel em elastano light! Frente inteira em espuma moldada, anat\u00f4mica e supermacia. Sem aro. Acomoda os seios de forma natural.<\/p>\n<p><span style=\"color: #ffffff;\"><strong>T<\/strong><\/span><\/p>\n","protected":false},"featured_media":1337,"template":"","meta":[],"product_cat":[15],"product_tag":[24,25,66,36,67],"_links":{"self":[{"href":"https:\/\/kariciashop.com.br\/loja\/index.php\/wp-json\/wp\/v2\/product\/1324"}],"collection":[{"href":"https:\/\/kariciashop.com.br\/loja\/index.php\/wp-json\/wp\/v2\/product"}],"about":[{"href":"https:\/\/kariciashop.com.br\/loja\/index.php\/wp-json\/wp\/v2\/types\/product"}],"wp:featuredmedia":[{"embeddable":true,"href":"https:\/\/kariciashop.com.br\/loja\/index.php\/wp-json\/wp\/v2\/media\/1337"}],"wp:attachment":[{"href":"https:\/\/kariciashop.com.br\/loja\/index.php\/wp-json\/wp\/v2\/media?parent=1324"}],"wp:term":[{"taxonomy":"product_cat","embeddable":true,"href":"https:\/\/kariciashop.com.br\/loja\/index.php\/wp-json\/wp\/v2\/product_cat?post=1324"},{"taxonomy":"product_tag","embeddable":true,"href":"https:\/\/kariciashop.com.br\/loja\/index.php\/wp-json\/wp\/v2\/product_tag?post=1324"}],"curies":[{"name":"wp","href":"https:\/\/api.w.org\/{rel}","templated":true}]}}