{"id":1302,"date":"2022-06-25T12:10:32","date_gmt":"2022-06-25T15:10:32","guid":{"rendered":"http:\/\/kariciashop.com.br\/loja\/?post_type=product&#038;p=1302"},"modified":"2023-02-21T12:06:55","modified_gmt":"2023-02-21T15:06:55","slug":"sutia-novo-rivali-demillus-067188","status":"publish","type":"product","link":"https:\/\/kariciashop.com.br\/loja\/index.php\/product\/sutia-novo-rivali-demillus-067188\/","title":{"rendered":"Suti\u00e3 Novo Rivali DeMillus 067188"},"content":{"rendered":"<p>Suti\u00e3 Novo Rivali DeMillus 67188 Em microfibra el\u00e1stica light. Ta\u00e7as em espuma moldada e detalhes em renda. Suporte Ultraflex. Obs.: Esse modelo substitui o antigo 74215, agora com nova renda.<\/p>\n<table width=\"436\">\n<tbody>\n<tr style=\"font-style: inherit; font-weight: inherit;\">\n<td style=\"font-style: inherit; font-weight: inherit;\" width=\"95\">Tamanho<\/td>\n<td style=\"font-style: inherit; font-weight: inherit;\" width=\"158\">Sobre o busto<\/td>\n<td style=\"font-style: inherit; font-weight: inherit;\" width=\"183\">Abaixo do busto<\/td>\n<\/tr>\n<tr style=\"font-style: inherit; font-weight: inherit;\">\n<td style=\"font-style: inherit; font-weight: inherit;\" width=\"95\">38<\/td>\n<td style=\"font-style: inherit; font-weight: inherit;\" width=\"158\">71 a 76cm<\/td>\n<td style=\"font-style: inherit; font-weight: inherit;\" width=\"183\">56 a 61cm<\/td>\n<\/tr>\n<tr style=\"font-style: inherit; font-weight: inherit;\">\n<td style=\"font-style: inherit; font-weight: inherit;\" width=\"95\">40<\/td>\n<td style=\"font-style: inherit; font-weight: inherit;\" width=\"158\">77 a 82cm<\/td>\n<td style=\"font-style: inherit; font-weight: inherit;\" width=\"183\">62 a 67cm<\/td>\n<\/tr>\n<tr style=\"font-style: inherit; font-weight: inherit;\">\n<td style=\"font-style: inherit; font-weight: inherit;\" width=\"95\">42<\/td>\n<td style=\"font-style: inherit; font-weight: inherit;\" width=\"158\">83 a 87cm<\/td>\n<td style=\"font-style: inherit; font-weight: inherit;\" width=\"183\">68 a 72cm<\/td>\n<\/tr>\n<tr style=\"font-style: inherit; font-weight: inherit;\">\n<td style=\"font-style: inherit; font-weight: inherit;\" width=\"95\">44<\/td>\n<td style=\"font-style: inherit; font-weight: inherit;\" width=\"158\">88 a 92cm<\/td>\n<td style=\"font-style: inherit; font-weight: inherit;\" width=\"183\">73 a 77cm<\/td>\n<\/tr>\n<tr style=\"font-style: inherit; font-weight: inherit;\">\n<td style=\"font-style: inherit; font-weight: inherit;\" width=\"95\">46<\/td>\n<td style=\"font-style: inherit; font-weight: inherit;\" width=\"158\">93 a 97cm<\/td>\n<td style=\"font-style: inherit; font-weight: inherit;\" width=\"183\">78 a 82cm<\/td>\n<\/tr>\n<tr style=\"font-style: inherit; font-weight: inherit;\">\n<td style=\"font-style: inherit; font-weight: inherit;\" width=\"95\">48<\/td>\n<td style=\"font-style: inherit; font-weight: inherit;\" width=\"158\">98 a 102cm<\/td>\n<td style=\"font-style: inherit; font-weight: inherit;\" width=\"183\">83 a 87cm<\/td>\n<\/tr>\n<tr style=\"font-style: inherit; font-weight: inherit;\">\n<td style=\"font-style: inherit; font-weight: inherit;\" width=\"95\">50<\/td>\n<td style=\"font-style: inherit; font-weight: inherit;\" width=\"158\">103 a 107cm<\/td>\n<td style=\"font-style: inherit; font-weight: inherit;\" width=\"183\">88 a 92cm<\/td>\n<\/tr>\n<tr style=\"font-style: inherit; font-weight: inherit;\">\n<td style=\"font-style: inherit; font-weight: inherit;\" width=\"95\">52<\/td>\n<td style=\"font-style: inherit; font-weight: inherit;\" width=\"158\">108 a 112cm<\/td>\n<td style=\"font-style: inherit; font-weight: inherit;\" width=\"183\">93 a 97cm<\/td>\n<\/tr>\n<tr style=\"font-style: inherit; font-weight: inherit;\">\n<td style=\"font-style: inherit; font-weight: inherit;\" width=\"95\">54<\/td>\n<td style=\"font-style: inherit; font-weight: inherit;\" width=\"158\">113 a 117cm<\/td>\n<td style=\"font-style: inherit; font-weight: inherit;\" width=\"183\">98 a 102cm<\/td>\n<\/tr>\n<\/tbody>\n<\/table>\n","protected":false},"excerpt":{"rendered":"<p>Suti\u00e3 Novo Rivali DeMillus 67188 Em microfibra el\u00e1stica light. Ta\u00e7as em espuma moldada e detalhes em renda. Suporte Ultraflex. Obs.: Esse modelo substitui o antigo 74215, agora com nova renda.<\/p>\n","protected":false},"featured_media":1319,"template":"","meta":[],"product_cat":[15],"product_tag":[24,25,65,36],"_links":{"self":[{"href":"https:\/\/kariciashop.com.br\/loja\/index.php\/wp-json\/wp\/v2\/product\/1302"}],"collection":[{"href":"https:\/\/kariciashop.com.br\/loja\/index.php\/wp-json\/wp\/v2\/product"}],"about":[{"href":"https:\/\/kariciashop.com.br\/loja\/index.php\/wp-json\/wp\/v2\/types\/product"}],"wp:featuredmedia":[{"embeddable":true,"href":"https:\/\/kariciashop.com.br\/loja\/index.php\/wp-json\/wp\/v2\/media\/1319"}],"wp:attachment":[{"href":"https:\/\/kariciashop.com.br\/loja\/index.php\/wp-json\/wp\/v2\/media?parent=1302"}],"wp:term":[{"taxonomy":"product_cat","embeddable":true,"href":"https:\/\/kariciashop.com.br\/loja\/index.php\/wp-json\/wp\/v2\/product_cat?post=1302"},{"taxonomy":"product_tag","embeddable":true,"href":"https:\/\/kariciashop.com.br\/loja\/index.php\/wp-json\/wp\/v2\/product_tag?post=1302"}],"curies":[{"name":"wp","href":"https:\/\/api.w.org\/{rel}","templated":true}]}}