{"id":1137,"date":"2021-07-23T15:45:13","date_gmt":"2021-07-23T18:45:13","guid":{"rendered":"http:\/\/kariciashop.com.br\/loja\/?post_type=product&#038;p=1137"},"modified":"2023-02-21T12:04:58","modified_gmt":"2023-02-21T15:04:58","slug":"sutia-decotado-demiullus-063022","status":"publish","type":"product","link":"https:\/\/kariciashop.com.br\/loja\/index.php\/product\/sutia-decotado-demiullus-063022\/","title":{"rendered":"Suti\u00e3 Decotado DeMiullus 063022"},"content":{"rendered":"<p>Suti\u00e3 Decotado, ta\u00e7as em espuma moldada, sem aro, laterais em elastano. Perfeito para ser usado com roupas superdecotadas. Tam.: 42 a 46 &#8211; Cores: preto e bege-rosado.<\/p>\n<p>Ta\u00e7a em espuma moldada e sem aro.<\/p>\n","protected":false},"excerpt":{"rendered":"<p>Suti\u00e3 Decotado, ta\u00e7as em espuma moldada, sem aro, laterais em elastano. Perfeito para ser usado com roupas superdecotadas. Tam.: 42 a 46 &#8211; Cores: preto e bege-rosado.<\/p>\n<p>Ta\u00e7a em espuma moldada e sem aro.<\/p>\n","protected":false},"featured_media":1144,"template":"","meta":[],"product_cat":[15],"product_tag":[55,24,25,36,54],"_links":{"self":[{"href":"https:\/\/kariciashop.com.br\/loja\/index.php\/wp-json\/wp\/v2\/product\/1137"}],"collection":[{"href":"https:\/\/kariciashop.com.br\/loja\/index.php\/wp-json\/wp\/v2\/product"}],"about":[{"href":"https:\/\/kariciashop.com.br\/loja\/index.php\/wp-json\/wp\/v2\/types\/product"}],"wp:featuredmedia":[{"embeddable":true,"href":"https:\/\/kariciashop.com.br\/loja\/index.php\/wp-json\/wp\/v2\/media\/1144"}],"wp:attachment":[{"href":"https:\/\/kariciashop.com.br\/loja\/index.php\/wp-json\/wp\/v2\/media?parent=1137"}],"wp:term":[{"taxonomy":"product_cat","embeddable":true,"href":"https:\/\/kariciashop.com.br\/loja\/index.php\/wp-json\/wp\/v2\/product_cat?post=1137"},{"taxonomy":"product_tag","embeddable":true,"href":"https:\/\/kariciashop.com.br\/loja\/index.php\/wp-json\/wp\/v2\/product_tag?post=1137"}],"curies":[{"name":"wp","href":"https:\/\/api.w.org\/{rel}","templated":true}]}}

Sutiã Decotado DeMiullus 063022

<p>Sutiã Decotado, taças em espuma moldada, sem aro, laterais em elastano. Perfeito para ser usado com roupas superdecotadas. Tam.: 42 a 46 &#8211; Cores: preto e bege-rosado.</p>
<p>Taça em espuma moldada e sem aro.</p>
