{"id":1055,"date":"2021-07-22T10:59:54","date_gmt":"2021-07-22T13:59:54","guid":{"rendered":"http:\/\/kariciashop.com.br\/loja\/?post_type=product&#038;p=1055"},"modified":"2023-02-22T19:40:09","modified_gmt":"2023-02-22T22:40:09","slug":"calcinha-calca-cavada-citara-demillus-26065","status":"publish","type":"product","link":"https:\/\/kariciashop.com.br\/loja\/index.php\/product\/calcinha-calca-cavada-citara-demillus-26065\/","title":{"rendered":"Calcinha Cal\u00e7a Cavada C\u00edtara DeMillus 026065"},"content":{"rendered":"<p>Calcinha Cal\u00e7a Cavada DeMillus (26065), cole\u00e7\u00e3o C\u00edtara. Cal\u00e7a cavada com c\u00f3s duplo e sem costura nas laterais para maior conforto. Cintura e cavas altas ajudando a modelar e disfar\u00e7ar aquelas &#8220;gordurinhas&#8221; indesejadas. Traseiro grande. Pernas cavadas e com acabamento em el\u00e1stico detalhado. Confeccionada em Lycra\u00ae que proporciona conforto, maciez, liberdade de movimentos e um incr\u00edvel caimento. Composi\u00e7\u00e3o: 81% Poliamida e 19% Elastano.<\/p>\n<table border=\"1\" width=\"100%\">\n<tbody>\n<tr>\n<th colspan=\"3\" scope=\"col\">\n<div align=\"center\"><strong><em>DeMillus<\/em><\/strong><\/div>\n<\/th>\n<\/tr>\n<tr>\n<td>\n<div align=\"center\"><strong>Manequim<\/strong><\/div>\n<\/td>\n<td>\n<div align=\"center\"><strong>Cintura (cm)<\/strong><\/div>\n<\/td>\n<td>\n<div align=\"center\"><strong>Quadril (cm)<\/strong><\/div>\n<\/td>\n<\/tr>\n<tr>\n<td>\n<div align=\"center\"><strong>PP | 40<\/strong><\/div>\n<\/td>\n<td>\n<div align=\"center\">54 &#8211; 61<\/div>\n<\/td>\n<td>\n<div align=\"center\">76 &#8211; 86<\/div>\n<\/td>\n<\/tr>\n<tr>\n<td>\n<div align=\"center\"><strong>P | 42<\/strong><\/div>\n<\/td>\n<td>\n<div align=\"center\">62 &#8211; 69<\/div>\n<\/td>\n<td>\n<div align=\"center\">87 &#8211; 94<\/div>\n<\/td>\n<\/tr>\n<tr>\n<td>\n<div align=\"center\"><strong>M | 44<\/strong><\/div>\n<\/td>\n<td>\n<div align=\"center\">70 &#8211; 77<\/div>\n<\/td>\n<td>\n<div align=\"center\">95 &#8211; 102<\/div>\n<\/td>\n<\/tr>\n<tr>\n<td height=\"23\">\n<div align=\"center\"><strong>G | 46<\/strong><\/div>\n<\/td>\n<td>\n<div align=\"center\">78 &#8211; 85<\/div>\n<\/td>\n<td>\n<div align=\"center\">103 &#8211; 110<\/div>\n<\/td>\n<\/tr>\n<tr>\n<td height=\"23\">\n<div align=\"center\"><strong>EG | 48<\/strong><\/div>\n<\/td>\n<td>\n<div align=\"center\">86 &#8211; 93<\/div>\n<\/td>\n<td>\n<div align=\"center\">111 &#8211; 118<\/div>\n<\/td>\n<\/tr>\n<tr>\n<td height=\"23\">\n<div align=\"center\"><strong>XG | 50<\/strong><\/div>\n<\/td>\n<td>\n<div align=\"center\">94 &#8211; 101<\/div>\n<\/td>\n<td>\n<div align=\"center\">119 &#8211; 126<\/div>\n<\/td>\n<\/tr>\n<\/tbody>\n<\/table>\n","protected":false},"excerpt":{"rendered":"<p>Calcinha Cal\u00e7a Cavada DeMillus (26065), cole\u00e7\u00e3o C\u00edtara. Cal\u00e7a cavada com c\u00f3s duplo e sem costura nas laterais para maior conforto. Cintura e cavas altas ajudando a modelar e disfar\u00e7ar aquelas &#8220;gordurinhas&#8221; indesejadas. Traseiro grande. Pernas cavadas e com acabamento em el\u00e1stico detalhado. Confeccionada em Lycra\u00ae que proporciona conforto, maciez, liberdade de movimentos e um incr\u00edvel caimento. Composi\u00e7\u00e3o: 81% Poliamida e 19% Elastano.<\/p>\n<p>&nbsp;<\/p>\n","protected":false},"featured_media":1099,"template":"","meta":[],"product_cat":[21],"product_tag":[46,23,70,24,25],"_links":{"self":[{"href":"https:\/\/kariciashop.com.br\/loja\/index.php\/wp-json\/wp\/v2\/product\/1055"}],"collection":[{"href":"https:\/\/kariciashop.com.br\/loja\/index.php\/wp-json\/wp\/v2\/product"}],"about":[{"href":"https:\/\/kariciashop.com.br\/loja\/index.php\/wp-json\/wp\/v2\/types\/product"}],"wp:featuredmedia":[{"embeddable":true,"href":"https:\/\/kariciashop.com.br\/loja\/index.php\/wp-json\/wp\/v2\/media\/1099"}],"wp:attachment":[{"href":"https:\/\/kariciashop.com.br\/loja\/index.php\/wp-json\/wp\/v2\/media?parent=1055"}],"wp:term":[{"taxonomy":"product_cat","embeddable":true,"href":"https:\/\/kariciashop.com.br\/loja\/index.php\/wp-json\/wp\/v2\/product_cat?post=1055"},{"taxonomy":"product_tag","embeddable":true,"href":"https:\/\/kariciashop.com.br\/loja\/index.php\/wp-json\/wp\/v2\/product_tag?post=1055"}],"curies":[{"name":"wp","href":"https:\/\/api.w.org\/{rel}","templated":true}]}}

Calcinha Calça Cavada Cítara DeMillus 026065

<p>Calcinha Calça Cavada DeMillus (26065), coleção Cítara. Calça cavada com cós duplo e sem costura nas laterais para maior conforto. Cintura e cavas altas ajudando a modelar e disfarçar aquelas &#8220;gordurinhas&#8221; indesejadas. Traseiro grande. Pernas cavadas e com acabamento em elástico detalhado. Confeccionada em Lycra® que proporciona conforto, maciez, liberdade de movimentos e um incrível caimento. Composição: 81% Poliamida e 19% Elastano.</p>
<table border="1" width="100%">
<tbody>
<tr>
<th colspan="3" scope="col">
<div align="center"><strong><em>DeMillus</em></strong></div>
</th>
</tr>
<tr>
<td>
<div align="center"><strong>Manequim</strong></div>
</td>
<td>
<div align="center"><strong>Cintura (cm)</strong></div>
</td>
<td>
<div align="center"><strong>Quadril (cm)</strong></div>
</td>
</tr>
<tr>
<td>
<div align="center"><strong>PP | 40</strong></div>
</td>
<td>
<div align="center">54 &#8211; 61</div>
</td>
<td>
<div align="center">76 &#8211; 86</div>
</td>
</tr>
<tr>
<td>
<div align="center"><strong>P | 42</strong></div>
</td>
<td>
<div align="center">62 &#8211; 69</div>
</td>
<td>
<div align="center">87 &#8211; 94</div>
</td>
</tr>
<tr>
<td>
<div align="center"><strong>M | 44</strong></div>
</td>
<td>
<div align="center">70 &#8211; 77</div>
</td>
<td>
<div align="center">95 &#8211; 102</div>
</td>
</tr>
<tr>
<td height="23">
<div align="center"><strong>G | 46</strong></div>
</td>
<td>
<div align="center">78 &#8211; 85</div>
</td>
<td>
<div align="center">103 &#8211; 110</div>
</td>
</tr>
<tr>
<td height="23">
<div align="center"><strong>EG | 48</strong></div>
</td>
<td>
<div align="center">86 &#8211; 93</div>
</td>
<td>
<div align="center">111 &#8211; 118</div>
</td>
</tr>
<tr>
<td height="23">
<div align="center"><strong>XG | 50</strong></div>
</td>
<td>
<div align="center">94 &#8211; 101</div>
</td>
<td>
<div align="center">119 &#8211; 126</div>
</td>
</tr>
</tbody>
</table>

<p>Calcinha Calça Cavada DeMillus (26065), coleção Cítara. Calça cavada com cós duplo e sem costura nas laterais para maior conforto. Cintura e cavas altas ajudando a modelar e disfarçar aquelas &#8220;gordurinhas&#8221; indesejadas. Traseiro grande. Pernas cavadas e com acabamento em elástico detalhado. Confeccionada em Lycra® que proporciona conforto, maciez, liberdade de movimentos e um incrível caimento. Composição: 81% Poliamida e 19% Elastano.</p>
<p>&nbsp;</p>
